{"id":430,"date":"2019-02-15T14:59:41","date_gmt":"2019-02-15T16:59:41","guid":{"rendered":"http:\/\/sites.capsula.com.br\/fleur\/?page_id=430"},"modified":"2019-05-27T10:55:27","modified_gmt":"2019-05-27T13:55:27","slug":"lembrancinhas","status":"publish","type":"page","link":"https:\/\/fleurdesucre.com.br\/wp2021\/festa\/lembrancinhas\/","title":{"rendered":"Lembrancinhas"},"content":{"rendered":"<div id=\"dslc-theme-content\"><div id=\"dslc-theme-content-inner\"><p><img decoding=\"async\" width=\"2707\" height=\"707\" src=\"https:\/\/fleurdesucre.com.br\/wp2021\/wp-content\/uploads\/2019\/03\/LEMBRANCINHA.png\" alt=\"\" srcset=\"https:\/\/fleurdesucre.com.br\/wp2021\/wp-content\/uploads\/2019\/03\/LEMBRANCINHA.png 2707w, https:\/\/fleurdesucre.com.br\/wp2021\/wp-content\/uploads\/2019\/03\/LEMBRANCINHA-300x78.png 300w, https:\/\/fleurdesucre.com.br\/wp2021\/wp-content\/uploads\/2019\/03\/LEMBRANCINHA-768x201.png 768w, https:\/\/fleurdesucre.com.br\/wp2021\/wp-content\/uploads\/2019\/03\/LEMBRANCINHA-1024x267.png 1024w, https:\/\/fleurdesucre.com.br\/wp2021\/wp-content\/uploads\/2019\/03\/LEMBRANCINHA-1568x410.png 1568w\" sizes=\"(max-width: 2707px) 100vw, 2707px\" \/>\t\t\t\t\t\t\t\t\t\t\t<\/p>\n<h3>Lembrancinhas&nbsp;<\/h3>\n<article data-slug=\"{&quot;0&quot;:&quot;all&quot;}\">\n\t\t<a href=\"https:\/\/fleurdesucre.com.br\/wp2021\/wp-content\/uploads\/2019\/02\/Lembrancinha-e-Loja_Crisps-de-Chocolate.jpg\" data-elementor-open-lightbox=\"yes\" data-elementor-lightbox-slideshow=\"6e6e67c\"><br \/>\n\t\t\t\t<img decoding=\"async\" src=\"https:\/\/fleurdesucre.com.br\/wp2021\/wp-content\/uploads\/2019\/02\/Lembrancinha-e-Loja_Crisps-de-Chocolate.jpg\" width=\"950\" height=\"1425\"  alt=\"Lembrancinha-e-Loja_Crisps-de-Chocolate\"><br \/>\n\t\t<\/a><\/p>\n<h4>Crisps de Chocolate<\/h4>\n<h6><\/h6>\n<\/article>\n<article data-slug=\"{&quot;0&quot;:&quot;all&quot;}\">\n\t\t<a href=\"https:\/\/fleurdesucre.com.br\/wp2021\/wp-content\/uploads\/2019\/02\/Lembrancinha-e-Loja_Joaninhas-de-Chocolate.jpg\" data-elementor-open-lightbox=\"yes\" data-elementor-lightbox-slideshow=\"6e6e67c\"><br \/>\n\t\t\t\t<img decoding=\"async\" src=\"https:\/\/fleurdesucre.com.br\/wp2021\/wp-content\/uploads\/2019\/02\/Lembrancinha-e-Loja_Joaninhas-de-Chocolate.jpg\" width=\"1000\" height=\"667\"  alt=\"Lembrancinha-e-Loja_Joaninhas-de-Chocolate\"><br \/>\n\t\t<\/a><\/p>\n<h4>Joaninhas de Chocolate<\/h4>\n<h6><\/h6>\n<\/article>\n<article data-slug=\"{&quot;0&quot;:&quot;all&quot;}\">\n\t\t<a href=\"https:\/\/fleurdesucre.com.br\/wp2021\/wp-content\/uploads\/2019\/02\/Lembrancinha_Bolo-Individual-em-Caixa-de-Acetato.jpg\" data-elementor-open-lightbox=\"yes\" data-elementor-lightbox-slideshow=\"6e6e67c\"><br \/>\n\t\t\t\t<img decoding=\"async\" src=\"https:\/\/fleurdesucre.com.br\/wp2021\/wp-content\/uploads\/2019\/02\/Lembrancinha_Bolo-Individual-em-Caixa-de-Acetato.jpg\" width=\"950\" height=\"1267\"  alt=\"Lembrancinha_Bolo-Individual-em-Caixa-de-Acetato\"><br \/>\n\t\t<\/a><\/p>\n<h4>Bolo Individual em Caixa de Acetato<\/h4>\n<h6><\/h6>\n<\/article>\n<article data-slug=\"{&quot;0&quot;:&quot;all&quot;}\">\n\t\t<a href=\"https:\/\/fleurdesucre.com.br\/wp2021\/wp-content\/uploads\/2019\/02\/Lembrancinha-e-Loja_Caixa-de-Brigadeiros-1.jpg\" data-elementor-open-lightbox=\"yes\" data-elementor-lightbox-slideshow=\"6e6e67c\"><br \/>\n\t\t\t\t<img decoding=\"async\" src=\"https:\/\/fleurdesucre.com.br\/wp2021\/wp-content\/uploads\/2019\/02\/Lembrancinha-e-Loja_Caixa-de-Brigadeiros-1.jpg\" width=\"960\" height=\"1280\"  alt=\"Lembrancinha-e-Loja_Caixa-de-Brigadeiros\"><br \/>\n\t\t<\/a><\/p>\n<h4>Caixa de Brigadeiros<\/h4>\n<h6><\/h6>\n<\/article>\n<article data-slug=\"{&quot;0&quot;:&quot;all&quot;}\">\n\t\t<a href=\"https:\/\/fleurdesucre.com.br\/wp2021\/wp-content\/uploads\/2019\/02\/Lembrancinha-Corporativo-e-Loja_Latinha-Drage.jpg\" data-elementor-open-lightbox=\"yes\" data-elementor-lightbox-slideshow=\"6e6e67c\"><br \/>\n\t\t\t\t<img decoding=\"async\" src=\"https:\/\/fleurdesucre.com.br\/wp2021\/wp-content\/uploads\/2019\/02\/Lembrancinha-Corporativo-e-Loja_Latinha-Drage.jpg\" width=\"1024\" height=\"683\"  alt=\"Lembrancinha,-Corporativo-e-Loja_Latinha-Drage\"><br \/>\n\t\t<\/a><\/p>\n<h4>Latinha Drag\u00e9<\/h4>\n<h6><\/h6>\n<\/article>\n<article data-slug=\"{&quot;0&quot;:&quot;all&quot;}\">\n\t\t<a href=\"https:\/\/fleurdesucre.com.br\/wp2021\/wp-content\/uploads\/2019\/02\/Lembrancinha-Corporativo-e-Loja_Callets-4.jpg\" data-elementor-open-lightbox=\"yes\" data-elementor-lightbox-slideshow=\"6e6e67c\"><br \/>\n\t\t\t\t<img decoding=\"async\" src=\"https:\/\/fleurdesucre.com.br\/wp2021\/wp-content\/uploads\/2019\/02\/Lembrancinha-Corporativo-e-Loja_Callets-4.jpg\" width=\"1000\" height=\"524\"  alt=\"Lembrancinha,-Corporativo-e-Loja_Callets-4\"><br \/>\n\t\t<\/a><\/p>\n<h4>Callets<\/h4>\n<h6><\/h6>\n<\/article>\n<article data-slug=\"{&quot;0&quot;:&quot;all&quot;}\">\n\t\t<a href=\"https:\/\/fleurdesucre.com.br\/wp2021\/wp-content\/uploads\/2019\/02\/Lembrancinha-e-Loja_Mini-Pa\u0303o-de-Mel.jpg\" data-elementor-open-lightbox=\"yes\" data-elementor-lightbox-slideshow=\"6e6e67c\"><br \/>\n\t\t\t\t<img decoding=\"async\" src=\"https:\/\/fleurdesucre.com.br\/wp2021\/wp-content\/uploads\/2019\/02\/Lembrancinha-e-Loja_Mini-Pa\u0303o-de-Mel.jpg\" width=\"1000\" height=\"667\"  alt=\"Lembrancinha-e-Loja_Mini-Pa\u0303o-de-Mel\"><br \/>\n\t\t<\/a><\/p>\n<h4>Mini P\u00e3o de Mel<\/h4>\n<h6><\/h6>\n<\/article>\n<article data-slug=\"{&quot;0&quot;:&quot;all&quot;}\">\n\t\t<a href=\"https:\/\/fleurdesucre.com.br\/wp2021\/wp-content\/uploads\/2019\/02\/Lembrancinha_Bolo-Mini-em-Caixa-de-Acetato.jpg\" data-elementor-open-lightbox=\"yes\" data-elementor-lightbox-slideshow=\"6e6e67c\"><br \/>\n\t\t\t\t<img decoding=\"async\" src=\"https:\/\/fleurdesucre.com.br\/wp2021\/wp-content\/uploads\/2019\/02\/Lembrancinha_Bolo-Mini-em-Caixa-de-Acetato.jpg\" width=\"750\" height=\"911\"  alt=\"Lembrancinha_Bolo-Mini-em-Caixa-de-Acetato\"><br \/>\n\t\t<\/a><\/p>\n<h4>Bolo Mini em Caixa de Acetato<\/h4>\n<h6><\/h6>\n<\/article>\n<article data-slug=\"{&quot;0&quot;:&quot;all&quot;}\">\n\t\t<a href=\"https:\/\/fleurdesucre.com.br\/wp2021\/wp-content\/uploads\/2019\/02\/Lembrancinha-e-Corporativo_3-Barras-de-Chocolate.jpg\" data-elementor-open-lightbox=\"yes\" data-elementor-lightbox-slideshow=\"6e6e67c\"><br \/>\n\t\t\t\t<img decoding=\"async\" src=\"https:\/\/fleurdesucre.com.br\/wp2021\/wp-content\/uploads\/2019\/02\/Lembrancinha-e-Corporativo_3-Barras-de-Chocolate.jpg\" width=\"601\" height=\"599\"  alt=\"Lembrancinha-e-Corporativo_3-Barras-de-Chocolate\"><br \/>\n\t\t<\/a><\/p>\n<h4>3 Barras de Chocolate<\/h4>\n<h6><\/h6>\n<\/article>\n<article data-slug=\"{&quot;0&quot;:&quot;all&quot;}\">\n\t\t<a href=\"https:\/\/fleurdesucre.com.br\/wp2021\/wp-content\/uploads\/2019\/02\/Loja-e-Lembrancinha_Callets.jpg\" data-elementor-open-lightbox=\"yes\" data-elementor-lightbox-slideshow=\"6e6e67c\"><br \/>\n\t\t\t\t<img decoding=\"async\" src=\"https:\/\/fleurdesucre.com.br\/wp2021\/wp-content\/uploads\/2019\/02\/Loja-e-Lembrancinha_Callets.jpg\" width=\"950\" height=\"633\"  alt=\"ok, essa \u00e9 a legenda\"><br \/>\n\t\t<\/a><\/p>\n<h4>Callets<\/h4>\n<h6><\/h6>\n<\/article>\n<article data-slug=\"{&quot;0&quot;:&quot;all&quot;}\">\n\t\t<a href=\"https:\/\/fleurdesucre.com.br\/wp2021\/wp-content\/uploads\/2019\/02\/Pa\u0303o-de-Mel.jpg\" data-elementor-open-lightbox=\"yes\" data-elementor-lightbox-slideshow=\"6e6e67c\"><br \/>\n\t\t\t\t<img decoding=\"async\" src=\"https:\/\/fleurdesucre.com.br\/wp2021\/wp-content\/uploads\/2019\/02\/Pa\u0303o-de-Mel.jpg\" width=\"640\" height=\"480\"  alt=\"legenda show!\"><br \/>\n\t\t<\/a><\/p>\n<h4>P\u00e3o de Mel<\/h4>\n<h6><\/h6>\n<\/article>\n<article data-slug=\"{&quot;0&quot;:&quot;all&quot;}\">\n\t\t<a href=\"https:\/\/fleurdesucre.com.br\/wp2021\/wp-content\/uploads\/2019\/02\/Loja_Laranjinha.jpg\" data-elementor-open-lightbox=\"yes\" data-elementor-lightbox-slideshow=\"6e6e67c\"><br \/>\n\t\t\t\t<img decoding=\"async\" src=\"https:\/\/fleurdesucre.com.br\/wp2021\/wp-content\/uploads\/2019\/02\/Loja_Laranjinha.jpg\" width=\"1024\" height=\"1024\"  alt=\"Loja_Laranjinha\"><br \/>\n\t\t<\/a><\/p>\n<h4>Laranjinha<\/h4>\n<h6><\/h6>\n<\/article>\n<article data-slug=\"{&quot;0&quot;:&quot;all&quot;}\">\n\t\t<a href=\"https:\/\/fleurdesucre.com.br\/wp2021\/wp-content\/uploads\/2019\/02\/Loja_Embalagem-de-Doces_2.jpg\" data-elementor-open-lightbox=\"yes\" data-elementor-lightbox-slideshow=\"6e6e67c\"><br \/>\n\t\t\t\t<img decoding=\"async\" src=\"https:\/\/fleurdesucre.com.br\/wp2021\/wp-content\/uploads\/2019\/02\/Loja_Embalagem-de-Doces_2.jpg\" width=\"950\" height=\"633\"  alt=\"Loja_Embalagem-de-Doces_2\"><br \/>\n\t\t<\/a><\/p>\n<h4>Embalagens para Doces Diversos Tamanhos <\/h4>\n<h6><\/h6>\n<\/article>\n<\/div><\/div>","protected":false},"excerpt":{"rendered":"<p>Lembrancinhas&nbsp; Crisps de Chocolate Joaninhas de Chocolate Bolo Individual em Caixa de Acetato Caixa de Brigadeiros Latinha Drag\u00e9 Callets Mini P\u00e3o de Mel Bolo Mini em Caixa de Acetato 3 Barras de Chocolate Callets P\u00e3o de Mel Laranjinha Embalagens para Doces Diversos Tamanhos<\/p>\n","protected":false},"author":5,"featured_media":0,"parent":31,"menu_order":0,"comment_status":"closed","ping_status":"closed","template":"elementor_header_footer","meta":{"_joinchat":[],"footnotes":""},"class_list":["post-430","page","type-page","status-publish","hentry"],"yoast_head":"<!-- This site is optimized with the Yoast SEO plugin v27.4 - https:\/\/yoast.com\/product\/yoast-seo-wordpress\/ -->\n<title>Lembrancinhas - Fleur De Sucre - Casamentos e festas<\/title>\n<meta name=\"description\" content=\"Lembrancinhas Fleur de Sucre. Aquelas lembrancinhas especiais que procura para seu casamento ou anivers\u00e1rio aqui voc\u00ea encontra.\" \/>\n<meta name=\"robots\" content=\"index, follow, max-snippet:-1, max-image-preview:large, max-video-preview:-1\" \/>\n<link rel=\"canonical\" href=\"https:\/\/fleurdesucre.com.br\/wp2021\/festa\/lembrancinhas\/\" \/>\n<meta property=\"og:locale\" content=\"pt_BR\" \/>\n<meta property=\"og:type\" content=\"article\" \/>\n<meta property=\"og:title\" content=\"Lembrancinhas - Fleur De Sucre - Casamentos e festas\" \/>\n<meta property=\"og:description\" content=\"Lembrancinhas Fleur de Sucre. Aquelas lembrancinhas especiais que procura para seu casamento ou anivers\u00e1rio aqui voc\u00ea encontra.\" \/>\n<meta property=\"og:url\" content=\"https:\/\/fleurdesucre.com.br\/wp2021\/festa\/lembrancinhas\/\" \/>\n<meta property=\"og:site_name\" content=\"Fleur De Sucre\" \/>\n<meta property=\"article:modified_time\" content=\"2019-05-27T13:55:27+00:00\" \/>\n<meta property=\"og:image\" content=\"https:\/\/fleurdesucre.com.br\/wp2021\/wp-content\/uploads\/2019\/03\/LEMBRANCINHA.png\" \/>\n<meta name=\"twitter:card\" content=\"summary_large_image\" \/>\n<script type=\"application\/ld+json\" class=\"yoast-schema-graph\">{\"@context\":\"https:\\\/\\\/schema.org\",\"@graph\":[{\"@type\":\"WebPage\",\"@id\":\"https:\\\/\\\/fleurdesucre.com.br\\\/wp2021\\\/festa\\\/lembrancinhas\\\/\",\"url\":\"https:\\\/\\\/fleurdesucre.com.br\\\/wp2021\\\/festa\\\/lembrancinhas\\\/\",\"name\":\"Lembrancinhas - Fleur De Sucre - Casamentos e festas\",\"isPartOf\":{\"@id\":\"https:\\\/\\\/fleurdesucre.com.br\\\/wp2021\\\/#website\"},\"primaryImageOfPage\":{\"@id\":\"https:\\\/\\\/fleurdesucre.com.br\\\/wp2021\\\/festa\\\/lembrancinhas\\\/#primaryimage\"},\"image\":{\"@id\":\"https:\\\/\\\/fleurdesucre.com.br\\\/wp2021\\\/festa\\\/lembrancinhas\\\/#primaryimage\"},\"thumbnailUrl\":\"https:\\\/\\\/fleurdesucre.com.br\\\/wp2021\\\/wp-content\\\/uploads\\\/2019\\\/03\\\/LEMBRANCINHA.png\",\"datePublished\":\"2019-02-15T16:59:41+00:00\",\"dateModified\":\"2019-05-27T13:55:27+00:00\",\"description\":\"Lembrancinhas Fleur de Sucre. Aquelas lembrancinhas especiais que procura para seu casamento ou anivers\u00e1rio aqui voc\u00ea encontra.\",\"breadcrumb\":{\"@id\":\"https:\\\/\\\/fleurdesucre.com.br\\\/wp2021\\\/festa\\\/lembrancinhas\\\/#breadcrumb\"},\"inLanguage\":\"pt-BR\",\"potentialAction\":[{\"@type\":\"ReadAction\",\"target\":[\"https:\\\/\\\/fleurdesucre.com.br\\\/wp2021\\\/festa\\\/lembrancinhas\\\/\"]}]},{\"@type\":\"ImageObject\",\"inLanguage\":\"pt-BR\",\"@id\":\"https:\\\/\\\/fleurdesucre.com.br\\\/wp2021\\\/festa\\\/lembrancinhas\\\/#primaryimage\",\"url\":\"https:\\\/\\\/fleurdesucre.com.br\\\/wp2021\\\/wp-content\\\/uploads\\\/2019\\\/03\\\/LEMBRANCINHA.png\",\"contentUrl\":\"https:\\\/\\\/fleurdesucre.com.br\\\/wp2021\\\/wp-content\\\/uploads\\\/2019\\\/03\\\/LEMBRANCINHA.png\",\"width\":2707,\"height\":707},{\"@type\":\"BreadcrumbList\",\"@id\":\"https:\\\/\\\/fleurdesucre.com.br\\\/wp2021\\\/festa\\\/lembrancinhas\\\/#breadcrumb\",\"itemListElement\":[{\"@type\":\"ListItem\",\"position\":1,\"name\":\"In\u00edcio\",\"item\":\"https:\\\/\\\/fleurdesucre.com.br\\\/wp2021\\\/\"},{\"@type\":\"ListItem\",\"position\":2,\"name\":\"Festas\",\"item\":\"https:\\\/\\\/fleurdesucre.com.br\\\/wp2021\\\/festa\\\/\"},{\"@type\":\"ListItem\",\"position\":3,\"name\":\"Lembrancinhas\"}]},{\"@type\":\"WebSite\",\"@id\":\"https:\\\/\\\/fleurdesucre.com.br\\\/wp2021\\\/#website\",\"url\":\"https:\\\/\\\/fleurdesucre.com.br\\\/wp2021\\\/\",\"name\":\"Fleur De Sucre\",\"description\":\"P\u00e2tisserie\",\"publisher\":{\"@id\":\"https:\\\/\\\/fleurdesucre.com.br\\\/wp2021\\\/#organization\"},\"potentialAction\":[{\"@type\":\"SearchAction\",\"target\":{\"@type\":\"EntryPoint\",\"urlTemplate\":\"https:\\\/\\\/fleurdesucre.com.br\\\/wp2021\\\/?s={search_term_string}\"},\"query-input\":{\"@type\":\"PropertyValueSpecification\",\"valueRequired\":true,\"valueName\":\"search_term_string\"}}],\"inLanguage\":\"pt-BR\"},{\"@type\":\"Organization\",\"@id\":\"https:\\\/\\\/fleurdesucre.com.br\\\/wp2021\\\/#organization\",\"name\":\"Fleur De Sucre\",\"url\":\"https:\\\/\\\/fleurdesucre.com.br\\\/wp2021\\\/\",\"logo\":{\"@type\":\"ImageObject\",\"inLanguage\":\"pt-BR\",\"@id\":\"https:\\\/\\\/fleurdesucre.com.br\\\/wp2021\\\/#\\\/schema\\\/logo\\\/image\\\/\",\"url\":\"https:\\\/\\\/fleurdesucre.com.br\\\/wp2021\\\/wp-content\\\/uploads\\\/2021\\\/06\\\/cropped-Logo-footer.png\",\"contentUrl\":\"https:\\\/\\\/fleurdesucre.com.br\\\/wp2021\\\/wp-content\\\/uploads\\\/2021\\\/06\\\/cropped-Logo-footer.png\",\"width\":287,\"height\":287,\"caption\":\"Fleur De Sucre\"},\"image\":{\"@id\":\"https:\\\/\\\/fleurdesucre.com.br\\\/wp2021\\\/#\\\/schema\\\/logo\\\/image\\\/\"}}]}<\/script>\n<!-- \/ Yoast SEO plugin. -->","yoast_head_json":{"title":"Lembrancinhas - Fleur De Sucre - Casamentos e festas","description":"Lembrancinhas Fleur de Sucre. Aquelas lembrancinhas especiais que procura para seu casamento ou anivers\u00e1rio aqui voc\u00ea encontra.","robots":{"index":"index","follow":"follow","max-snippet":"max-snippet:-1","max-image-preview":"max-image-preview:large","max-video-preview":"max-video-preview:-1"},"canonical":"https:\/\/fleurdesucre.com.br\/wp2021\/festa\/lembrancinhas\/","og_locale":"pt_BR","og_type":"article","og_title":"Lembrancinhas - Fleur De Sucre - Casamentos e festas","og_description":"Lembrancinhas Fleur de Sucre. Aquelas lembrancinhas especiais que procura para seu casamento ou anivers\u00e1rio aqui voc\u00ea encontra.","og_url":"https:\/\/fleurdesucre.com.br\/wp2021\/festa\/lembrancinhas\/","og_site_name":"Fleur De Sucre","article_modified_time":"2019-05-27T13:55:27+00:00","og_image":[{"url":"https:\/\/fleurdesucre.com.br\/wp2021\/wp-content\/uploads\/2019\/03\/LEMBRANCINHA.png","type":"","width":"","height":""}],"twitter_card":"summary_large_image","schema":{"@context":"https:\/\/schema.org","@graph":[{"@type":"WebPage","@id":"https:\/\/fleurdesucre.com.br\/wp2021\/festa\/lembrancinhas\/","url":"https:\/\/fleurdesucre.com.br\/wp2021\/festa\/lembrancinhas\/","name":"Lembrancinhas - Fleur De Sucre - Casamentos e festas","isPartOf":{"@id":"https:\/\/fleurdesucre.com.br\/wp2021\/#website"},"primaryImageOfPage":{"@id":"https:\/\/fleurdesucre.com.br\/wp2021\/festa\/lembrancinhas\/#primaryimage"},"image":{"@id":"https:\/\/fleurdesucre.com.br\/wp2021\/festa\/lembrancinhas\/#primaryimage"},"thumbnailUrl":"https:\/\/fleurdesucre.com.br\/wp2021\/wp-content\/uploads\/2019\/03\/LEMBRANCINHA.png","datePublished":"2019-02-15T16:59:41+00:00","dateModified":"2019-05-27T13:55:27+00:00","description":"Lembrancinhas Fleur de Sucre. Aquelas lembrancinhas especiais que procura para seu casamento ou anivers\u00e1rio aqui voc\u00ea encontra.","breadcrumb":{"@id":"https:\/\/fleurdesucre.com.br\/wp2021\/festa\/lembrancinhas\/#breadcrumb"},"inLanguage":"pt-BR","potentialAction":[{"@type":"ReadAction","target":["https:\/\/fleurdesucre.com.br\/wp2021\/festa\/lembrancinhas\/"]}]},{"@type":"ImageObject","inLanguage":"pt-BR","@id":"https:\/\/fleurdesucre.com.br\/wp2021\/festa\/lembrancinhas\/#primaryimage","url":"https:\/\/fleurdesucre.com.br\/wp2021\/wp-content\/uploads\/2019\/03\/LEMBRANCINHA.png","contentUrl":"https:\/\/fleurdesucre.com.br\/wp2021\/wp-content\/uploads\/2019\/03\/LEMBRANCINHA.png","width":2707,"height":707},{"@type":"BreadcrumbList","@id":"https:\/\/fleurdesucre.com.br\/wp2021\/festa\/lembrancinhas\/#breadcrumb","itemListElement":[{"@type":"ListItem","position":1,"name":"In\u00edcio","item":"https:\/\/fleurdesucre.com.br\/wp2021\/"},{"@type":"ListItem","position":2,"name":"Festas","item":"https:\/\/fleurdesucre.com.br\/wp2021\/festa\/"},{"@type":"ListItem","position":3,"name":"Lembrancinhas"}]},{"@type":"WebSite","@id":"https:\/\/fleurdesucre.com.br\/wp2021\/#website","url":"https:\/\/fleurdesucre.com.br\/wp2021\/","name":"Fleur De Sucre","description":"P\u00e2tisserie","publisher":{"@id":"https:\/\/fleurdesucre.com.br\/wp2021\/#organization"},"potentialAction":[{"@type":"SearchAction","target":{"@type":"EntryPoint","urlTemplate":"https:\/\/fleurdesucre.com.br\/wp2021\/?s={search_term_string}"},"query-input":{"@type":"PropertyValueSpecification","valueRequired":true,"valueName":"search_term_string"}}],"inLanguage":"pt-BR"},{"@type":"Organization","@id":"https:\/\/fleurdesucre.com.br\/wp2021\/#organization","name":"Fleur De Sucre","url":"https:\/\/fleurdesucre.com.br\/wp2021\/","logo":{"@type":"ImageObject","inLanguage":"pt-BR","@id":"https:\/\/fleurdesucre.com.br\/wp2021\/#\/schema\/logo\/image\/","url":"https:\/\/fleurdesucre.com.br\/wp2021\/wp-content\/uploads\/2021\/06\/cropped-Logo-footer.png","contentUrl":"https:\/\/fleurdesucre.com.br\/wp2021\/wp-content\/uploads\/2021\/06\/cropped-Logo-footer.png","width":287,"height":287,"caption":"Fleur De Sucre"},"image":{"@id":"https:\/\/fleurdesucre.com.br\/wp2021\/#\/schema\/logo\/image\/"}}]}},"_links":{"self":[{"href":"https:\/\/fleurdesucre.com.br\/wp2021\/wp-json\/wp\/v2\/pages\/430","targetHints":{"allow":["GET"]}}],"collection":[{"href":"https:\/\/fleurdesucre.com.br\/wp2021\/wp-json\/wp\/v2\/pages"}],"about":[{"href":"https:\/\/fleurdesucre.com.br\/wp2021\/wp-json\/wp\/v2\/types\/page"}],"author":[{"embeddable":true,"href":"https:\/\/fleurdesucre.com.br\/wp2021\/wp-json\/wp\/v2\/users\/5"}],"replies":[{"embeddable":true,"href":"https:\/\/fleurdesucre.com.br\/wp2021\/wp-json\/wp\/v2\/comments?post=430"}],"version-history":[{"count":57,"href":"https:\/\/fleurdesucre.com.br\/wp2021\/wp-json\/wp\/v2\/pages\/430\/revisions"}],"predecessor-version":[{"id":1260,"href":"https:\/\/fleurdesucre.com.br\/wp2021\/wp-json\/wp\/v2\/pages\/430\/revisions\/1260"}],"up":[{"embeddable":true,"href":"https:\/\/fleurdesucre.com.br\/wp2021\/wp-json\/wp\/v2\/pages\/31"}],"wp:attachment":[{"href":"https:\/\/fleurdesucre.com.br\/wp2021\/wp-json\/wp\/v2\/media?parent=430"}],"curies":[{"name":"wp","href":"https:\/\/api.w.org\/{rel}","templated":true}]}}