{"id":39,"date":"2019-02-11T18:07:17","date_gmt":"2019-02-11T20:07:17","guid":{"rendered":"http:\/\/sites.capsula.com.br\/fleur\/?page_id=39"},"modified":"2021-10-18T15:04:26","modified_gmt":"2021-10-18T18:04:26","slug":"contato","status":"publish","type":"page","link":"https:\/\/fleurdesucre.com.br\/wp2021\/contato\/","title":{"rendered":"Contato"},"content":{"rendered":"<div id=\"dslc-theme-content\"><div id=\"dslc-theme-content-inner\">\n<h1 class=\"wp-block-heading\">Fale Conosco<\/h1>\n\n\n\n<p><spam class=\"fab fa-whatsapp\" style=\"color:#d39c0a\"><\/spam> WhatsApp: 11 99382.2182<\/p>\n\n\n\n<p><spam class=\"fas fa-phone\" style=\"color:#d39c0a\"><\/spam>  Tel: 11 3078 3082<\/p>\n\n\n\n<p><spam class=\"fas fa-at\" style=\"color:#d39c0a\"><\/spam>   E-mail: contato@fleurdesucre.com.br<\/p>\n\n\n\n<p><spam class=\"fas fa-map-marked-alt\" style=\"color:#d39c0a\"><\/spam>  End: Rua Batataes, 395 &#8211; Jardim Paulista &#8211; S\u00e3o Paulo<\/p>\n<\/div><\/div>","protected":false},"excerpt":{"rendered":"<p>Fale Conosco WhatsApp: 11 99382.2182 Tel: 11 3078 3082 E-mail: contato@fleurdesucre.com.br End: Rua Batataes, 395 &#8211; Jardim Paulista &#8211; S\u00e3o Paulo<\/p>\n","protected":false},"author":5,"featured_media":1820,"parent":0,"menu_order":0,"comment_status":"closed","ping_status":"closed","template":"","meta":{"_joinchat":[],"footnotes":""},"class_list":["post-39","page","type-page","status-publish","has-post-thumbnail","hentry"],"yoast_head":"<!-- This site is optimized with the Yoast SEO plugin v27.4 - https:\/\/yoast.com\/product\/yoast-seo-wordpress\/ -->\n<title>Contato - Fleur De Sucre - Como podemos te ajudar ?<\/title>\n<meta name=\"description\" content=\"Contato Fleur de Sucre. D\u00favidas sobre pedidos, or\u00e7amentos, cat\u00e1logos, etc. Entre em contato com a gente que teremos um grande prazer em atende-lo.\" \/>\n<meta name=\"robots\" content=\"index, follow, max-snippet:-1, max-image-preview:large, max-video-preview:-1\" \/>\n<link rel=\"canonical\" href=\"https:\/\/fleurdesucre.com.br\/wp2021\/contato\/\" \/>\n<meta property=\"og:locale\" content=\"pt_BR\" \/>\n<meta property=\"og:type\" content=\"article\" \/>\n<meta property=\"og:title\" content=\"Contato - Fleur De Sucre - Como podemos te ajudar ?\" \/>\n<meta property=\"og:description\" content=\"Contato Fleur de Sucre. D\u00favidas sobre pedidos, or\u00e7amentos, cat\u00e1logos, etc. Entre em contato com a gente que teremos um grande prazer em atende-lo.\" \/>\n<meta property=\"og:url\" content=\"https:\/\/fleurdesucre.com.br\/wp2021\/contato\/\" \/>\n<meta property=\"og:site_name\" content=\"Fleur De Sucre\" \/>\n<meta property=\"article:modified_time\" content=\"2021-10-18T18:04:26+00:00\" \/>\n<meta property=\"og:image\" content=\"https:\/\/fleurdesucre.com.br\/wp2021\/wp-content\/uploads\/2021\/10\/Fachada-foto-Nathalie-Artaxo-.jpg\" \/>\n\t<meta property=\"og:image:width\" content=\"600\" \/>\n\t<meta property=\"og:image:height\" content=\"900\" \/>\n\t<meta property=\"og:image:type\" content=\"image\/jpeg\" \/>\n<meta name=\"twitter:card\" content=\"summary_large_image\" \/>\n<meta name=\"twitter:label1\" content=\"Est. tempo de leitura\" \/>\n\t<meta name=\"twitter:data1\" content=\"1 minuto\" \/>\n<script type=\"application\/ld+json\" class=\"yoast-schema-graph\">{\"@context\":\"https:\\\/\\\/schema.org\",\"@graph\":[{\"@type\":\"WebPage\",\"@id\":\"https:\\\/\\\/fleurdesucre.com.br\\\/wp2021\\\/contato\\\/\",\"url\":\"https:\\\/\\\/fleurdesucre.com.br\\\/wp2021\\\/contato\\\/\",\"name\":\"Contato - Fleur De Sucre - Como podemos te ajudar ?\",\"isPartOf\":{\"@id\":\"https:\\\/\\\/fleurdesucre.com.br\\\/wp2021\\\/#website\"},\"primaryImageOfPage\":{\"@id\":\"https:\\\/\\\/fleurdesucre.com.br\\\/wp2021\\\/contato\\\/#primaryimage\"},\"image\":{\"@id\":\"https:\\\/\\\/fleurdesucre.com.br\\\/wp2021\\\/contato\\\/#primaryimage\"},\"thumbnailUrl\":\"https:\\\/\\\/fleurdesucre.com.br\\\/wp2021\\\/wp-content\\\/uploads\\\/2021\\\/10\\\/Fachada-foto-Nathalie-Artaxo-.jpg\",\"datePublished\":\"2019-02-11T20:07:17+00:00\",\"dateModified\":\"2021-10-18T18:04:26+00:00\",\"description\":\"Contato Fleur de Sucre. D\u00favidas sobre pedidos, or\u00e7amentos, cat\u00e1logos, etc. Entre em contato com a gente que teremos um grande prazer em atende-lo.\",\"breadcrumb\":{\"@id\":\"https:\\\/\\\/fleurdesucre.com.br\\\/wp2021\\\/contato\\\/#breadcrumb\"},\"inLanguage\":\"pt-BR\",\"potentialAction\":[{\"@type\":\"ReadAction\",\"target\":[\"https:\\\/\\\/fleurdesucre.com.br\\\/wp2021\\\/contato\\\/\"]}]},{\"@type\":\"ImageObject\",\"inLanguage\":\"pt-BR\",\"@id\":\"https:\\\/\\\/fleurdesucre.com.br\\\/wp2021\\\/contato\\\/#primaryimage\",\"url\":\"https:\\\/\\\/fleurdesucre.com.br\\\/wp2021\\\/wp-content\\\/uploads\\\/2021\\\/10\\\/Fachada-foto-Nathalie-Artaxo-.jpg\",\"contentUrl\":\"https:\\\/\\\/fleurdesucre.com.br\\\/wp2021\\\/wp-content\\\/uploads\\\/2021\\\/10\\\/Fachada-foto-Nathalie-Artaxo-.jpg\",\"width\":600,\"height\":900},{\"@type\":\"BreadcrumbList\",\"@id\":\"https:\\\/\\\/fleurdesucre.com.br\\\/wp2021\\\/contato\\\/#breadcrumb\",\"itemListElement\":[{\"@type\":\"ListItem\",\"position\":1,\"name\":\"In\u00edcio\",\"item\":\"https:\\\/\\\/fleurdesucre.com.br\\\/wp2021\\\/\"},{\"@type\":\"ListItem\",\"position\":2,\"name\":\"Contato\"}]},{\"@type\":\"WebSite\",\"@id\":\"https:\\\/\\\/fleurdesucre.com.br\\\/wp2021\\\/#website\",\"url\":\"https:\\\/\\\/fleurdesucre.com.br\\\/wp2021\\\/\",\"name\":\"Fleur De Sucre\",\"description\":\"P\u00e2tisserie\",\"publisher\":{\"@id\":\"https:\\\/\\\/fleurdesucre.com.br\\\/wp2021\\\/#organization\"},\"potentialAction\":[{\"@type\":\"SearchAction\",\"target\":{\"@type\":\"EntryPoint\",\"urlTemplate\":\"https:\\\/\\\/fleurdesucre.com.br\\\/wp2021\\\/?s={search_term_string}\"},\"query-input\":{\"@type\":\"PropertyValueSpecification\",\"valueRequired\":true,\"valueName\":\"search_term_string\"}}],\"inLanguage\":\"pt-BR\"},{\"@type\":\"Organization\",\"@id\":\"https:\\\/\\\/fleurdesucre.com.br\\\/wp2021\\\/#organization\",\"name\":\"Fleur De Sucre\",\"url\":\"https:\\\/\\\/fleurdesucre.com.br\\\/wp2021\\\/\",\"logo\":{\"@type\":\"ImageObject\",\"inLanguage\":\"pt-BR\",\"@id\":\"https:\\\/\\\/fleurdesucre.com.br\\\/wp2021\\\/#\\\/schema\\\/logo\\\/image\\\/\",\"url\":\"https:\\\/\\\/fleurdesucre.com.br\\\/wp2021\\\/wp-content\\\/uploads\\\/2021\\\/06\\\/cropped-Logo-footer.png\",\"contentUrl\":\"https:\\\/\\\/fleurdesucre.com.br\\\/wp2021\\\/wp-content\\\/uploads\\\/2021\\\/06\\\/cropped-Logo-footer.png\",\"width\":287,\"height\":287,\"caption\":\"Fleur De Sucre\"},\"image\":{\"@id\":\"https:\\\/\\\/fleurdesucre.com.br\\\/wp2021\\\/#\\\/schema\\\/logo\\\/image\\\/\"}}]}<\/script>\n<!-- \/ Yoast SEO plugin. -->","yoast_head_json":{"title":"Contato - Fleur De Sucre - Como podemos te ajudar ?","description":"Contato Fleur de Sucre. D\u00favidas sobre pedidos, or\u00e7amentos, cat\u00e1logos, etc. Entre em contato com a gente que teremos um grande prazer em atende-lo.","robots":{"index":"index","follow":"follow","max-snippet":"max-snippet:-1","max-image-preview":"max-image-preview:large","max-video-preview":"max-video-preview:-1"},"canonical":"https:\/\/fleurdesucre.com.br\/wp2021\/contato\/","og_locale":"pt_BR","og_type":"article","og_title":"Contato - Fleur De Sucre - Como podemos te ajudar ?","og_description":"Contato Fleur de Sucre. D\u00favidas sobre pedidos, or\u00e7amentos, cat\u00e1logos, etc. Entre em contato com a gente que teremos um grande prazer em atende-lo.","og_url":"https:\/\/fleurdesucre.com.br\/wp2021\/contato\/","og_site_name":"Fleur De Sucre","article_modified_time":"2021-10-18T18:04:26+00:00","og_image":[{"width":600,"height":900,"url":"https:\/\/fleurdesucre.com.br\/wp2021\/wp-content\/uploads\/2021\/10\/Fachada-foto-Nathalie-Artaxo-.jpg","type":"image\/jpeg"}],"twitter_card":"summary_large_image","twitter_misc":{"Est. tempo de leitura":"1 minuto"},"schema":{"@context":"https:\/\/schema.org","@graph":[{"@type":"WebPage","@id":"https:\/\/fleurdesucre.com.br\/wp2021\/contato\/","url":"https:\/\/fleurdesucre.com.br\/wp2021\/contato\/","name":"Contato - Fleur De Sucre - Como podemos te ajudar ?","isPartOf":{"@id":"https:\/\/fleurdesucre.com.br\/wp2021\/#website"},"primaryImageOfPage":{"@id":"https:\/\/fleurdesucre.com.br\/wp2021\/contato\/#primaryimage"},"image":{"@id":"https:\/\/fleurdesucre.com.br\/wp2021\/contato\/#primaryimage"},"thumbnailUrl":"https:\/\/fleurdesucre.com.br\/wp2021\/wp-content\/uploads\/2021\/10\/Fachada-foto-Nathalie-Artaxo-.jpg","datePublished":"2019-02-11T20:07:17+00:00","dateModified":"2021-10-18T18:04:26+00:00","description":"Contato Fleur de Sucre. D\u00favidas sobre pedidos, or\u00e7amentos, cat\u00e1logos, etc. Entre em contato com a gente que teremos um grande prazer em atende-lo.","breadcrumb":{"@id":"https:\/\/fleurdesucre.com.br\/wp2021\/contato\/#breadcrumb"},"inLanguage":"pt-BR","potentialAction":[{"@type":"ReadAction","target":["https:\/\/fleurdesucre.com.br\/wp2021\/contato\/"]}]},{"@type":"ImageObject","inLanguage":"pt-BR","@id":"https:\/\/fleurdesucre.com.br\/wp2021\/contato\/#primaryimage","url":"https:\/\/fleurdesucre.com.br\/wp2021\/wp-content\/uploads\/2021\/10\/Fachada-foto-Nathalie-Artaxo-.jpg","contentUrl":"https:\/\/fleurdesucre.com.br\/wp2021\/wp-content\/uploads\/2021\/10\/Fachada-foto-Nathalie-Artaxo-.jpg","width":600,"height":900},{"@type":"BreadcrumbList","@id":"https:\/\/fleurdesucre.com.br\/wp2021\/contato\/#breadcrumb","itemListElement":[{"@type":"ListItem","position":1,"name":"In\u00edcio","item":"https:\/\/fleurdesucre.com.br\/wp2021\/"},{"@type":"ListItem","position":2,"name":"Contato"}]},{"@type":"WebSite","@id":"https:\/\/fleurdesucre.com.br\/wp2021\/#website","url":"https:\/\/fleurdesucre.com.br\/wp2021\/","name":"Fleur De Sucre","description":"P\u00e2tisserie","publisher":{"@id":"https:\/\/fleurdesucre.com.br\/wp2021\/#organization"},"potentialAction":[{"@type":"SearchAction","target":{"@type":"EntryPoint","urlTemplate":"https:\/\/fleurdesucre.com.br\/wp2021\/?s={search_term_string}"},"query-input":{"@type":"PropertyValueSpecification","valueRequired":true,"valueName":"search_term_string"}}],"inLanguage":"pt-BR"},{"@type":"Organization","@id":"https:\/\/fleurdesucre.com.br\/wp2021\/#organization","name":"Fleur De Sucre","url":"https:\/\/fleurdesucre.com.br\/wp2021\/","logo":{"@type":"ImageObject","inLanguage":"pt-BR","@id":"https:\/\/fleurdesucre.com.br\/wp2021\/#\/schema\/logo\/image\/","url":"https:\/\/fleurdesucre.com.br\/wp2021\/wp-content\/uploads\/2021\/06\/cropped-Logo-footer.png","contentUrl":"https:\/\/fleurdesucre.com.br\/wp2021\/wp-content\/uploads\/2021\/06\/cropped-Logo-footer.png","width":287,"height":287,"caption":"Fleur De Sucre"},"image":{"@id":"https:\/\/fleurdesucre.com.br\/wp2021\/#\/schema\/logo\/image\/"}}]}},"_links":{"self":[{"href":"https:\/\/fleurdesucre.com.br\/wp2021\/wp-json\/wp\/v2\/pages\/39","targetHints":{"allow":["GET"]}}],"collection":[{"href":"https:\/\/fleurdesucre.com.br\/wp2021\/wp-json\/wp\/v2\/pages"}],"about":[{"href":"https:\/\/fleurdesucre.com.br\/wp2021\/wp-json\/wp\/v2\/types\/page"}],"author":[{"embeddable":true,"href":"https:\/\/fleurdesucre.com.br\/wp2021\/wp-json\/wp\/v2\/users\/5"}],"replies":[{"embeddable":true,"href":"https:\/\/fleurdesucre.com.br\/wp2021\/wp-json\/wp\/v2\/comments?post=39"}],"version-history":[{"count":65,"href":"https:\/\/fleurdesucre.com.br\/wp2021\/wp-json\/wp\/v2\/pages\/39\/revisions"}],"predecessor-version":[{"id":1819,"href":"https:\/\/fleurdesucre.com.br\/wp2021\/wp-json\/wp\/v2\/pages\/39\/revisions\/1819"}],"wp:featuredmedia":[{"embeddable":true,"href":"https:\/\/fleurdesucre.com.br\/wp2021\/wp-json\/wp\/v2\/media\/1820"}],"wp:attachment":[{"href":"https:\/\/fleurdesucre.com.br\/wp2021\/wp-json\/wp\/v2\/media?parent=39"}],"curies":[{"name":"wp","href":"https:\/\/api.w.org\/{rel}","templated":true}]}}